{"id":391,"date":"2020-02-27T11:59:39","date_gmt":"2020-02-27T11:59:39","guid":{"rendered":"http:\/\/passia.de\/?page_id=391"},"modified":"2020-02-27T12:54:26","modified_gmt":"2020-02-27T12:54:26","slug":"legasthenie-dyskalkulie","status":"publish","type":"page","link":"http:\/\/passia.de\/?page_id=391","title":{"rendered":"Legasthenie &#8211; Dyskalkulie"},"content":{"rendered":"\n<p>Ich bin zertifizierte Legasthenie-\/Dyskalkulietrainerin. Ich bin spezialisiert darauf in diesem Bereich mit Pferden und Hunden zusammenzuarbeiten. H\u00e4ufig verlieren die Kinder jeden Spa\u00df an Angeboten zum besseren Lernen neben der Schule, vor allem, wenn sie eine diagnostizierte Einschr\u00e4nkung wie Legasthenie oder Dyskalkulie haben. &#8222;Da muss ich dann immer noch zus\u00e4tzlich bei einer Lehrerin nachmittags lernen.&#8220; hat mir einmal ein Kind gesagt. Sowas macht wenig Spa\u00df. Daher beziehe ich die Tiere mit ein und behalte einen spielerischen Aspekt beim zus\u00e4tzlichen Lernen nachmittags. Wir sind drau\u00dfen in der Natur mit guter Luft und lernen so ganz nebenbei wie man besser liest oder rechnet. Die Tiere sind eine tolle Unterst\u00fctzung und heben das Gef\u00fchl der Kinder direkt an.<\/p>\n\n\n\n<figure class=\"wp-block-image size-large\"><img loading=\"lazy\" decoding=\"async\" width=\"1024\" height=\"768\" src=\"http:\/\/passia.de\/wp-content\/uploads\/2020\/02\/500CECC9-6D1C-4020-97CD-ED88EF76CDBB-1024x768.jpeg\" alt=\"\" class=\"wp-image-400\" srcset=\"http:\/\/passia.de\/wp-content\/uploads\/2020\/02\/500CECC9-6D1C-4020-97CD-ED88EF76CDBB-1024x768.jpeg 1024w, http:\/\/passia.de\/wp-content\/uploads\/2020\/02\/500CECC9-6D1C-4020-97CD-ED88EF76CDBB-300x225.jpeg 300w, http:\/\/passia.de\/wp-content\/uploads\/2020\/02\/500CECC9-6D1C-4020-97CD-ED88EF76CDBB-768x576.jpeg 768w, http:\/\/passia.de\/wp-content\/uploads\/2020\/02\/500CECC9-6D1C-4020-97CD-ED88EF76CDBB-1536x1152.jpeg 1536w, http:\/\/passia.de\/wp-content\/uploads\/2020\/02\/500CECC9-6D1C-4020-97CD-ED88EF76CDBB.jpeg 1600w\" sizes=\"auto, (max-width: 1024px) 100vw, 1024px\" \/><\/figure>\n\n\n\n<p>Diese Therapie muss selbst finanziert werden. Bitte holen Sie sich selbst Informationen zu zus\u00e4tzlicher Unterst\u00fctzung ein. Sie leisten hier Vorkasse und bekommen gerne eine Rechnung auf Wunsch.<\/p>\n","protected":false},"excerpt":{"rendered":"<p>Ich bin zertifizierte Legasthenie-\/Dyskalkulietrainerin. Ich bin spezialisiert darauf in diesem Bereich mit Pferden und Hunden zusammenzuarbeiten. H\u00e4ufig verlieren die Kinder jeden Spa\u00df an Angeboten zum besseren Lernen neben der Schule, vor allem, wenn sie eine diagnostizierte Einschr\u00e4nkung wie Legasthenie oder Dyskalkulie haben. &#8222;Da muss ich dann immer noch zus\u00e4tzlich bei einer Lehrerin nachmittags lernen.&#8220; hat mir einmal ein Kind gesagt. Sowas macht wenig Spa\u00df. Daher beziehe ich die Tiere mit ein und behalte einen spielerischen Aspekt beim zus\u00e4tzlichen Lernen nachmittags. <a class=\"more-link\" href=\"http:\/\/passia.de\/?page_id=391\">weiterlesen&#8230;<\/a><\/p>\n","protected":false},"author":1,"featured_media":0,"parent":258,"menu_order":0,"comment_status":"closed","ping_status":"closed","template":"","meta":{"footnotes":""},"class_list":["post-391","page","type-page","status-publish","hentry"],"_links":{"self":[{"href":"http:\/\/passia.de\/index.php?rest_route=\/wp\/v2\/pages\/391","targetHints":{"allow":["GET"]}}],"collection":[{"href":"http:\/\/passia.de\/index.php?rest_route=\/wp\/v2\/pages"}],"about":[{"href":"http:\/\/passia.de\/index.php?rest_route=\/wp\/v2\/types\/page"}],"author":[{"embeddable":true,"href":"http:\/\/passia.de\/index.php?rest_route=\/wp\/v2\/users\/1"}],"replies":[{"embeddable":true,"href":"http:\/\/passia.de\/index.php?rest_route=%2Fwp%2Fv2%2Fcomments&post=391"}],"version-history":[{"count":2,"href":"http:\/\/passia.de\/index.php?rest_route=\/wp\/v2\/pages\/391\/revisions"}],"predecessor-version":[{"id":401,"href":"http:\/\/passia.de\/index.php?rest_route=\/wp\/v2\/pages\/391\/revisions\/401"}],"up":[{"embeddable":true,"href":"http:\/\/passia.de\/index.php?rest_route=\/wp\/v2\/pages\/258"}],"wp:attachment":[{"href":"http:\/\/passia.de\/index.php?rest_route=%2Fwp%2Fv2%2Fmedia&parent=391"}],"curies":[{"name":"wp","href":"https:\/\/api.w.org\/{rel}","templated":true}]}}