{"id":9,"date":"2016-08-14T10:14:48","date_gmt":"2016-08-14T10:14:48","guid":{"rendered":"http:\/\/passia.de\/?page_id=9"},"modified":"2016-08-30T19:27:23","modified_gmt":"2016-08-30T19:27:23","slug":"reittherapie","status":"publish","type":"page","link":"http:\/\/passia.de\/?page_id=9","title":{"rendered":"\u00dcber meine Pferde"},"content":{"rendered":"<p>Ich habe zwei Pferde, die ich sowohl in der Reittherapie, als auch im Reitunterricht seit Jahren erfolgreich einsetze.<\/p>\n<p><img loading=\"lazy\" decoding=\"async\" class=\"alignnone size-medium wp-image-62\" src=\"http:\/\/passia.de\/wp-content\/uploads\/2016\/08\/image-7-222x300.jpeg\" alt=\"image\" width=\"222\" height=\"300\" srcset=\"http:\/\/passia.de\/wp-content\/uploads\/2016\/08\/image-7-222x300.jpeg 222w, http:\/\/passia.de\/wp-content\/uploads\/2016\/08\/image-7.jpeg 611w\" sizes=\"auto, (max-width: 222px) 100vw, 222px\" \/><\/p>\n<p>Zum einen meine Kaltblutdame &#8222;Satine&#8220;. Sie ist Franz\u00f6sin, ich habe sie als Zweij\u00e4hrige gekauft und eingeritten. Sie ist nervenstark, schafft auch ein kleines bi\u00dfchen mehr Gewicht und hat trotzdem Dampf \ud83d\ude42 . Inzwischen ist sie sehr viele Jahre bei mir und begleitet mich. Wir sind auch im Einsatz mit der Kutsche. Als Therapiepferd ist sie inzwischen bew\u00e4hrt und arbeitet mit unglaublicher Geduld mit.<\/p>\n<p><img loading=\"lazy\" decoding=\"async\" class=\"alignnone size-medium wp-image-63\" src=\"http:\/\/passia.de\/wp-content\/uploads\/2016\/08\/image-8-300x194.jpeg\" alt=\"image\" width=\"300\" height=\"194\" srcset=\"http:\/\/passia.de\/wp-content\/uploads\/2016\/08\/image-8-300x194.jpeg 300w, http:\/\/passia.de\/wp-content\/uploads\/2016\/08\/image-8-768x498.jpeg 768w, http:\/\/passia.de\/wp-content\/uploads\/2016\/08\/image-8.jpeg 881w\" sizes=\"auto, (max-width: 300px) 100vw, 300px\" \/><\/p>\n<p>Zum anderen mein Islandm\u00e4dchen &#8222;Fina&#8220;. Sie ist \u00d6sterreicherin vom Panoramahof und sie habe ich als Therapiepony ausgew\u00e4hlt, da bereits ihre Vorfahren im Therapieeinsatz waren. Sie ist die Ruhe selbst, macht alles ganz brav mit und ist eine F\u00fcnfg\u00e4ngerin. Besonders mit k\u00f6rperlich eingeschr\u00e4nkten und noch sehr kleinen Kindern ist sie extrem brav und umg\u00e4nglich. Ponyputzen ist eine Selbstverst\u00e4ndlichkeit f\u00fcr sie. Sie ist recht klein und daher sehr gut geeignet.<\/p>\n<p>Wichtig ist mir, dass meine Pferde Privatpferde sind. Ich handle immer auch in deren Sinne und daher auch nach deren Gesundheitszustand. Sie d\u00fcrfen regelm\u00e4\u00dfig frei haben, um sich zu erholen und haben einen tollen Stall mit viel Platz und Weiden zur Verf\u00fcgung.<\/p>\n","protected":false},"excerpt":{"rendered":"<p>Ich habe zwei Pferde, die ich sowohl in der Reittherapie, als auch im Reitunterricht seit Jahren erfolgreich einsetze. Zum einen meine Kaltblutdame &#8222;Satine&#8220;. Sie ist Franz\u00f6sin, ich habe sie als Zweij\u00e4hrige gekauft und eingeritten. Sie ist nervenstark, schafft auch ein kleines bi\u00dfchen mehr Gewicht und hat trotzdem Dampf \ud83d\ude42 . Inzwischen ist sie sehr viele Jahre bei mir und begleitet mich. Wir sind auch im Einsatz mit der Kutsche. Als Therapiepferd ist sie inzwischen bew\u00e4hrt und arbeitet mit unglaublicher Geduld <a class=\"more-link\" href=\"http:\/\/passia.de\/?page_id=9\">weiterlesen&#8230;<\/a><\/p>\n","protected":false},"author":1,"featured_media":0,"parent":0,"menu_order":0,"comment_status":"closed","ping_status":"closed","template":"","meta":{"footnotes":""},"class_list":["post-9","page","type-page","status-publish","hentry"],"_links":{"self":[{"href":"http:\/\/passia.de\/index.php?rest_route=\/wp\/v2\/pages\/9","targetHints":{"allow":["GET"]}}],"collection":[{"href":"http:\/\/passia.de\/index.php?rest_route=\/wp\/v2\/pages"}],"about":[{"href":"http:\/\/passia.de\/index.php?rest_route=\/wp\/v2\/types\/page"}],"author":[{"embeddable":true,"href":"http:\/\/passia.de\/index.php?rest_route=\/wp\/v2\/users\/1"}],"replies":[{"embeddable":true,"href":"http:\/\/passia.de\/index.php?rest_route=%2Fwp%2Fv2%2Fcomments&post=9"}],"version-history":[{"count":5,"href":"http:\/\/passia.de\/index.php?rest_route=\/wp\/v2\/pages\/9\/revisions"}],"predecessor-version":[{"id":100,"href":"http:\/\/passia.de\/index.php?rest_route=\/wp\/v2\/pages\/9\/revisions\/100"}],"wp:attachment":[{"href":"http:\/\/passia.de\/index.php?rest_route=%2Fwp%2Fv2%2Fmedia&parent=9"}],"curies":[{"name":"wp","href":"https:\/\/api.w.org\/{rel}","templated":true}]}}