{"id":153,"date":"2016-09-17T17:53:29","date_gmt":"2016-09-17T17:53:29","guid":{"rendered":"http:\/\/passia.de\/?page_id=153"},"modified":"2018-01-04T18:29:42","modified_gmt":"2018-01-04T18:29:42","slug":"reitunterricht","status":"publish","type":"page","link":"https:\/\/passia.de\/?page_id=153","title":{"rendered":"Reitunterricht"},"content":{"rendered":"<p><img loading=\"lazy\" decoding=\"async\" class=\"alignnone size-medium wp-image-56\" src=\"http:\/\/passia.de\/wp-content\/uploads\/2016\/08\/image-2-300x225.jpeg\" alt=\"image\" width=\"300\" height=\"225\" srcset=\"https:\/\/passia.de\/wp-content\/uploads\/2016\/08\/image-2-300x225.jpeg 300w, https:\/\/passia.de\/wp-content\/uploads\/2016\/08\/image-2-768x576.jpeg 768w, https:\/\/passia.de\/wp-content\/uploads\/2016\/08\/image-2-1024x768.jpeg 1024w\" sizes=\"auto, (max-width: 300px) 100vw, 300px\" \/><\/p>\n<p>Ich biete Reitunterricht nach FN Richtlinien im ruhigen Umfeld eines Privatstalls in Freising (n\u00f6rdliches M\u00fcnchner Umland) an. Es wird ausschlie\u00dflich Einzelunterricht von mir am Hof angeboten (gilt nicht f\u00fcr den mobilen Unterricht). Meine beiden Pferde stehen dazu zur Verf\u00fcgung. Eine Halle ist leider nicht vorhanden, was aber in den vergangenen Jahren nie ein Problem darstellte. Wir haben daf\u00fcr einen Roundpen und einen gepflegten Reitplatz mit professionellem Boden.<\/p>\n<p>M\u00f6glich sind auch Sitzlongen, u.a. mit Franklin Balls.<\/p>\n<p>In meinen Unterricht flie\u00dfen immer Ans\u00e4tze der Reittherapie ein, ich biete als Reittherapeutin aber selbstverst\u00e4ndlich auch reine Therapiestunden an. Mehr Informationen unter &#8222;Reittherapie&#8220;.<\/p>\n","protected":false},"excerpt":{"rendered":"<p>Ich biete Reitunterricht nach FN Richtlinien im ruhigen Umfeld eines Privatstalls in Freising (n\u00f6rdliches M\u00fcnchner Umland) an. Es wird ausschlie\u00dflich Einzelunterricht von mir am Hof angeboten (gilt nicht f\u00fcr den mobilen Unterricht). Meine beiden Pferde stehen dazu zur Verf\u00fcgung. Eine Halle ist leider nicht vorhanden, was aber in den vergangenen Jahren nie ein Problem darstellte. Wir haben daf\u00fcr einen Roundpen und einen gepflegten Reitplatz mit professionellem Boden. M\u00f6glich sind auch Sitzlongen, u.a. mit Franklin Balls. In meinen Unterricht flie\u00dfen immer <a class=\"more-link\" href=\"https:\/\/passia.de\/?page_id=153\">weiterlesen&#8230;<\/a><\/p>\n","protected":false},"author":1,"featured_media":0,"parent":7,"menu_order":0,"comment_status":"closed","ping_status":"closed","template":"","meta":{"footnotes":""},"class_list":["post-153","page","type-page","status-publish","hentry"],"_links":{"self":[{"href":"https:\/\/passia.de\/index.php?rest_route=\/wp\/v2\/pages\/153","targetHints":{"allow":["GET"]}}],"collection":[{"href":"https:\/\/passia.de\/index.php?rest_route=\/wp\/v2\/pages"}],"about":[{"href":"https:\/\/passia.de\/index.php?rest_route=\/wp\/v2\/types\/page"}],"author":[{"embeddable":true,"href":"https:\/\/passia.de\/index.php?rest_route=\/wp\/v2\/users\/1"}],"replies":[{"embeddable":true,"href":"https:\/\/passia.de\/index.php?rest_route=%2Fwp%2Fv2%2Fcomments&post=153"}],"version-history":[{"count":4,"href":"https:\/\/passia.de\/index.php?rest_route=\/wp\/v2\/pages\/153\/revisions"}],"predecessor-version":[{"id":273,"href":"https:\/\/passia.de\/index.php?rest_route=\/wp\/v2\/pages\/153\/revisions\/273"}],"up":[{"embeddable":true,"href":"https:\/\/passia.de\/index.php?rest_route=\/wp\/v2\/pages\/7"}],"wp:attachment":[{"href":"https:\/\/passia.de\/index.php?rest_route=%2Fwp%2Fv2%2Fmedia&parent=153"}],"curies":[{"name":"wp","href":"https:\/\/api.w.org\/{rel}","templated":true}]}}