{"id":173,"date":"2017-03-09T20:57:14","date_gmt":"2017-03-09T20:57:14","guid":{"rendered":"http:\/\/passia.de\/?page_id=173"},"modified":"2017-03-09T22:10:39","modified_gmt":"2017-03-09T22:10:39","slug":"kennenlernstunde","status":"publish","type":"page","link":"https:\/\/passia.de\/?page_id=173","title":{"rendered":"Schnupperstunde"},"content":{"rendered":"<p>Wenn Sie Ihr Kind an das Thema &#8222;Pferd&#8220; gerne heranf\u00fchren m\u00f6chten, um zu sehen, ob der Umgang vielleicht das passende Hobby ist oder ihm auch nur eine besonderes Geschenk zum Geburtstag oder auch einfach ohne speziellen Anlass bieten m\u00f6chte, freue ich mich auf Ihre Kontaktaufnahme.<\/p>\n<p>F\u00fcr die ganz Kleinen biete ich Schnupperstunden an. Hier lernen wir Pferde kennen, den korrekten Umgang, auf was muss man achten, was darf man und was nicht. Weiterhin lernen wir das richtige Putzen, suchen den Kontakt und kuscheln auch gerne eine Runde mit dem Pferd.<\/p>\n<p>Eine weitere M\u00f6glichkeit ist das Ponyf\u00fchren, um einfach die Bewegung des Pferdes kennenzulernen und vielleicht das erste Mal getragen zu werden. Die dreidimensionale Bewegung des Pferdes tut den Kindern gut und bietet ein v\u00f6llig neues K\u00f6rpergef\u00fchl.<\/p>\n<p><img loading=\"lazy\" decoding=\"async\" class=\"alignnone size-medium wp-image-196\" src=\"http:\/\/passia.de\/wp-content\/uploads\/2017\/03\/IMG_1330-e1489096984819-300x225.jpg\" alt=\"IMG_1330\" width=\"300\" height=\"225\" srcset=\"https:\/\/passia.de\/wp-content\/uploads\/2017\/03\/IMG_1330-e1489096984819-300x225.jpg 300w, https:\/\/passia.de\/wp-content\/uploads\/2017\/03\/IMG_1330-e1489096984819-768x576.jpg 768w, https:\/\/passia.de\/wp-content\/uploads\/2017\/03\/IMG_1330-e1489096984819-1024x768.jpg 1024w\" sizes=\"auto, (max-width: 300px) 100vw, 300px\" \/><\/p>\n<p>Ich stelle gerne einen ganz individuellen Vorschlag nach Ihren W\u00fcnschen zusammen. Kontaktieren Sie mich einfach.<\/p>\n","protected":false},"excerpt":{"rendered":"<p>Wenn Sie Ihr Kind an das Thema &#8222;Pferd&#8220; gerne heranf\u00fchren m\u00f6chten, um zu sehen, ob der Umgang vielleicht das passende Hobby ist oder ihm auch nur eine besonderes Geschenk zum Geburtstag oder auch einfach ohne speziellen Anlass bieten m\u00f6chte, freue ich mich auf Ihre Kontaktaufnahme. F\u00fcr die ganz Kleinen biete ich Schnupperstunden an. Hier lernen wir Pferde kennen, den korrekten Umgang, auf was muss man achten, was darf man und was nicht. Weiterhin lernen wir das richtige Putzen, suchen den <a class=\"more-link\" href=\"https:\/\/passia.de\/?page_id=173\">weiterlesen&#8230;<\/a><\/p>\n","protected":false},"author":1,"featured_media":0,"parent":7,"menu_order":0,"comment_status":"closed","ping_status":"closed","template":"","meta":{"footnotes":""},"class_list":["post-173","page","type-page","status-publish","hentry"],"_links":{"self":[{"href":"https:\/\/passia.de\/index.php?rest_route=\/wp\/v2\/pages\/173","targetHints":{"allow":["GET"]}}],"collection":[{"href":"https:\/\/passia.de\/index.php?rest_route=\/wp\/v2\/pages"}],"about":[{"href":"https:\/\/passia.de\/index.php?rest_route=\/wp\/v2\/types\/page"}],"author":[{"embeddable":true,"href":"https:\/\/passia.de\/index.php?rest_route=\/wp\/v2\/users\/1"}],"replies":[{"embeddable":true,"href":"https:\/\/passia.de\/index.php?rest_route=%2Fwp%2Fv2%2Fcomments&post=173"}],"version-history":[{"count":5,"href":"https:\/\/passia.de\/index.php?rest_route=\/wp\/v2\/pages\/173\/revisions"}],"predecessor-version":[{"id":204,"href":"https:\/\/passia.de\/index.php?rest_route=\/wp\/v2\/pages\/173\/revisions\/204"}],"up":[{"embeddable":true,"href":"https:\/\/passia.de\/index.php?rest_route=\/wp\/v2\/pages\/7"}],"wp:attachment":[{"href":"https:\/\/passia.de\/index.php?rest_route=%2Fwp%2Fv2%2Fmedia&parent=173"}],"curies":[{"name":"wp","href":"https:\/\/api.w.org\/{rel}","templated":true}]}}